ctor of 805 and w.
23
Suppose 6*j - p + 55 = 3*j, 71 = -4*j - p. Let w be j/(((-3)/18*-2)/1). Let f = w + 92. What is the greatest common divisor of 57 and f?
19
Let t(w) = 17*w - 327. Let l(k) = -3*k + 62. Let b be l(14). Let a be t(b). Calculate the highest common factor of 1 and a.
1
Suppose 0 = 8*n - 12*n + 256. Let k = 94 - n. What is the greatest common divisor of k and 30?
30
Let d be (-6820)/(-20) - 60/(-12). What is the highest common divisor of d and 2?
2
Let r(y) = 10*y**3 + 4*y**2 - 45*y + 39. Let b be r(12). Let l be (-2)/(-16) - b/(-40). Calculate the highest common divisor of l and 42.
14
Suppose 311 = 53*z + 99. Suppose z*a - 364 = -3*o, -4*a + 0*a = -o + 132. What is the highest common factor of 62 and o?
62
Suppose 0 = 37*r - 116 - 145 - 257. What is the highest common factor of r and 1743?
7
Let f = 157 + 3036. Let v = f - 2185. Calculate the highest common divisor of v and 63.
63
Suppose c - 2*n + 1 = 0, 15*c - 5*n = 20*c - 85. Let b = 6 + -1. Suppose 7 = -b*l - 3*q, -5*q = -4*l - 14 + 38. What is the highest common factor of l and c?
1
Let a(v) = -2*v + 78. Let m be a(38). Suppose 2*g - 5*f = -9*f + 96, -f = m*g - 84. Calculate the highest common divisor of g and 50.
10
Let y = -272 + 308. Let q(m) = -m**3 - 5*m**2 - 2*m + 4. Let v be q(-4). Let i = 5 - v. Calculate the greatest common factor of y and i.
9
Let x be 6171/408 + (-1)/8. Suppose -3*y - 2*u + 13 = 8, 5*y = -2*u + x. Calculate the greatest common divisor of y and 7.
1
Suppose -7*u - 522 = -16*u. Suppose 0 = -t + 8*t - 812. Calculate the greatest common divisor of u and t.
58
Let o be (((-90)/4)/(-3))/(243/9234). What is the highest common factor of o and 360?
15
Let r be ((-23)/30 + 11/110)/(2/(-255)). What is the highest common divisor of 2720 and r?
85
Let o = -15 + 7. Let r be 1 - 78/o - (-1)/4. Let g(p) = 2*p + 11. Let f be g(r). What is the highest common factor of 363 and f?
33
Suppose 110 = 4*w + c, 92*w - 2*c - 92 = 88*w. What is the greatest common factor of w and 1027?
13
Let m(j) be the second derivative of j**5/5 - 5*j**4/4 + 5*j**3/6 - j**2/2 - 28*j. Let w be m(4). Calculate the greatest common divisor of 5 and w.
5
Suppose -t = 3*y + 39, -2*y = 5*t - t + 176. Let z be 18/(-135) - (5136/t + -3). What is the highest common divisor of z and 26?
13
Let y be 3 + (-12)/(-6) - 8 - -380. Let a = 471 - y. What is the highest common divisor of 47 and a?
47
Let l(h) = 7 - 4*h**2 + 14*h - 59*h**3 + 5*h**2 + 7 + h**2 - h**2. Let z be l(-1). What is the greatest common divisor of z and 140?
20
Let y(g) = 458*g**3 - g**2 - 38*g + 64. Let o be y(2). What is the greatest common factor of 513 and o?
57
Suppose -40*l + 5*m - 2527 = -37*l, 5*l = -5*m - 4185. Let n = l - -1738. Calculate the greatest common divisor of n and 31.
31
Let l(b) = 8*b + 9*b**2 - 5*b + 18 - b**3 - b. Let z be l(9). Let j = 13 - 9. What is the greatest common divisor of z and j?
4
Let t(a) = 8*a**2 - 28*a + 128. Let c(j) = 7*j**2 - 28*j + 129. Let g(w) = 7*c(w) - 6*t(w). Let x be g(0). Calculate the greatest common divisor of x and 360.
45
Let n = 567 - -561. What is the highest common factor of n and 120?
24
Suppose -2*o = -w + 13, 11 - 1 = w + o. Suppose -w*i + 103 + 293 = 0. Calculate the highest common divisor of 90 and i.
18
Let w be 342/(-798) + (1580/(-14))/(-2). Calculate the highest common divisor of 1750 and w.
14
Suppose 91 = 40*j - 39*j - t, -4*t = 3*j - 280. Suppose 103 - 17 = 4*h + 3*f, 0 = -3*h + 3*f + 54. Calculate the greatest common factor of h and j.
4
Suppose -57483*y - 7448 = -57502*y. Calculate the highest common divisor of y and 3283.
49
Let k(u) = -u**2 + 14*u - 21. Let a(j) = j**2 + 12*j + 27. Let t be a(-10). Let q be k(t). What is the greatest common divisor of 16 and q?
4
Suppose -257*r - 36 = -261*r. Suppose -4*a - 77 = -149. What is the greatest common divisor of a and r?
9
Let o(t) = 6*t + 735. Let n be o(-34). What is the highest common divisor of n and 5723?
59
Suppose -134570 = -114*t + 133731 - 43151. What is the greatest common divisor of t and 316?
79
Suppose -2*n + 4713 = 7*a + 20*a, 4*n + 374 = 2*a. What is the greatest common factor of 3750 and a?
25
Suppose 31 - 79 = 6*j. Let m be j/(2 - 13/6). What is the highest common factor of 624 and m?
48
Suppose -454*l + 456*l = 20. Let z(f) = f**2 - 20*f + 116. Let k be z(22). Calculate the highest common factor of l and k.
10
Suppose 15726*s - 15730*s + 56 = 0. What is the greatest common factor of 10094 and s?
14
Suppose -110 = -2*o + a, -21*a + 224 = 4*o - 25*a. Suppose 32*p - o = 14*p. Calculate the greatest common divisor of 7 and p.
1
Suppose -5*n - h + 5172 = -20231, -2*h = 4*n - 20326. What is the highest common divisor of 40 and n?
40
Suppose 7280*h - 7329*h = -12397. What is the greatest common factor of h and 713?
23
Suppose -4*u - 4*m + 265 + 315 = 0, -u + 2*m + 163 = 0. What is the highest common divisor of u and 4?
1
Suppose -3*m + 2 = -4*m - 4*i, 5 = m - 3*i. Let c(p) = -2*p + 1. Let u be c(-1). Suppose 4*b - 11 = -u. What is the greatest common divisor of b and m?
2
Suppose 3*b + 210 = y, -11*y = -8*y - b - 678. Calculate the greatest common factor of 12882 and y.
114
Suppose 58*g + 572 = 80*g. Let j = 15 + -13. Suppose -35 = -3*d - 2*a, j*a = -5*d + 3*a + 67. Calculate the highest common factor of g and d.
13
Let s(a) = 4*a**2 - 149*a + 91. Let j be (6/(-6) + 0)/1 + 38. Let v be s(j). Calculate the highest common factor of 4 and v.
2
Let k(z) = 9*z**2 + 730*z + 144. Let h be k(-81). Suppose 4*s - 126 = s. What is the greatest common divisor of s and h?
21
Let i = 110 + 39. Suppose 74 = -3*u + i. Calculate the greatest common divisor of u and 50.
25
Let h(r) be the second derivative of -r**4/12 + 7*r**3 - 191*r**2/2 + 11*r - 12. Let f be h(31). What is the highest common divisor of f and 6?
6
Let l(r) = 0*r**2 + 0*r**2 + 0*r**2 - 14*r - r**2 - 13. Let v be l(-13). Let x be (-16)/(v - (-8)/(-44)). What is the highest common divisor of x and 11?
11
Let t = 70 + -67. Let u be (176/6 - t) + (-10)/(-15). Let x = u + -5. What is the highest common divisor of 22 and x?
22
Let m(k) = 2*k**2 - 30*k - 27. Let p be m(16). Suppose -p*n = -4*n + 5*y - 15, n = -y + 11. Calculate the greatest common factor of 45 and n.
5
Let g(u) = -5 - 37*u**3 + 2706*u**2 - 1 - 6*u - 2710*u**2. Let z be g(-2). Calculate the greatest common divisor of 26 and z.
26
Let y(k) = -74*k + 38. Let b be y(-1). Let w be 3/1*(-49 + 56). Calculate the greatest common divisor of w and b.
7
Let l = -488 - -534. Let i(q) = q**2 - 41*q - 135. Let o be i(l). Let u(f) = -6*f - 4. Let t be u(-7). What is the greatest common factor of t and o?
19
Suppose 8*x - 20 = 13*x. Let c(v) = 6*v**2 - 8. Let j be c(x). What is the greatest common factor of 2 and j?
2
Let v be -3 - (-620)/12*-3. Let j = v + 199. Calculate the highest common factor of 41 and j.
41
Let t(d) = 24*d**2 - 31*d - 77. Let p be t(5). Calculate the greatest common factor of p and 161.
23
Let m be (-536)/469 + 7057/7. Calculate the highest common factor of 106 and m.
53
Suppose 0 = 4*c - c - 150. Let s(d) = -6*d**2 + 14*d + 15. Let v be s(-9). Let t = v - -622. What is the greatest common factor of c and t?
25
Suppose 142*a + 2115 = 187*a. Suppose 0 = -8*l + 3*l + 200. Let i = a - l. Calculate the greatest common divisor of i and 14.
7
Suppose -2*w + 4*g + 164 = 0, 3*g + 79 = 5*w - 4*w. What is the highest common divisor of 24 and w?
8
Let g be (-29)/((-1595)/(-33))*-35. What is the highest common divisor of 813 and g?
3
Let r = 138 + -108. Let i be ((-2145)/r)/(2/(-4)). What is the highest common factor of 26 and i?
13
Let q be 1/2*(1 - -19). Let p = -2346 + 3426. Let d be 7/2*p/126. Calculate the greatest common factor of d and q.
10
Let b = 386 - 354. Suppose -173*g + 181*g = b. Calculate the greatest common divisor of 12 and g.
4
Let u = 78 - 50. Let v = 451 - 444. What is the greatest common divisor of v and u?
7
Let n(c) = c**2 + 16. Let h be n(0). Let j(a) = -9*a**3 - 2*a**2 + 3*a + 2. Let v be j(3). Let q = v - -266. Calculate the highest common divisor of h and q.
16
Let n(i) = 623*i**2 - 3*i - 10. Let c be n(-2). Suppose 4*d - c = 3*r - 8*r, -2484 = -5*r - 2*d. Calculate the highest common factor of 62 and r.
62
Let h = -454 + 458. Suppose -3*z + 4*p = 5*p - 116, -144 =